 factors of w(2)?
2, 73
Let r = -16 + 16. Suppose r = 5*n - n - 96. List the prime factors of n.
2, 3
Suppose 2*i - 3*i + l = -10, 3*i - 4*l - 27 = 0. Let h = i + -2. List the prime factors of h.
11
Let v(a) = -a - 9. Let o be v(-10). Suppose -r = -o - 4. Suppose 5*m + 0*b - 10 = b, 0 = -r*m - 3*b + 10. What are the prime factors of m?
2
Let l(o) = 3*o + 4. What are the prime factors of l(5)?
19
Let c = 68 + -12. List the prime factors of c.
2, 7
Let b = 535 - 240. List the prime factors of b.
5, 59
What are the prime factors of (2/(-3))/(8/(-180))?
3, 5
Let d(n) = 9*n - 3. Let q be 2/4 - 36/(-8). What are the prime factors of d(q)?
2, 3, 7
Let k be 4*((-7)/(-4) - 1). Suppose a + k*p - 30 = 7, 4*p = a - 9. List the prime factors of a.
5
List the prime factors of 22/(10/6 - 1).
3, 11
Let z = 37 - -114. What are the prime factors of z?
151
Let o(h) = -h**2 - 16*h + 5. Let q be o(-16). Let k(d) be the second derivative of d**3/3 + 3*d**2/2 + 2*d. List the prime factors of k(q).
13
Let a(q) = 2*q**2 - q + 1. Let d be a(1). Suppose 2*m + 3*t - 9 = -d*t, -4*m = -3*t - 31. List the prime factors of m.
7
Let o(u) = 1 + 6*u + 2*u**2 + u**3 - 4*u - 4*u**2. List the prime factors of o(2).
5
List the prime factors of 6/((3/44)/1).
2, 11
Let k(d) be the second derivative of 2*d + 0*d**3 + 3/2*d**2 + 1/12*d**4 + 0. List the prime factors of k(-3).
2, 3
Let x(v) = -v**2 + 28*v - 11. List the prime factors of x(15).
2, 23
List the prime factors of ((-68)/6)/((-4)/18).
3, 17
Let o(v) = -4 + 6*v**2 + v**3 + 2*v**2 + 12. Let w be o(-8). Suppose 0 = -w*t + 4*t + 28. List the prime factors of t.
7
Suppose 2*z + 3*z = 4*t + 22, 2*t = -2*z - 2. Let p = 3 + -2. List the prime factors of (z/p - 1) + 4.
5
List the prime factors of (-118)/(-8)*6*8/6.
2, 59
Let c(u) = 2*u**2 - 2*u. Let f be c(3). Let b = f + -6. What are the prime factors of b?
2, 3
Suppose 6*x - 133 = 959. What are the prime factors of x?
2, 7, 13
Let j(p) = -p + 5. Let z be j(7). Let x be (81/6)/(z/(-4)). What are the prime factors of (4/3)/(6/x)?
2, 3
Let g = 5 + 34. List the prime factors of g.
3, 13
Suppose 35 = 3*s + 11. Let t be (-2)/s + 178/8. Let r = t - 12. What are the prime factors of r?
2, 5
Let k(d) = d - 1. Let w(v) = -6*v - 2. Let c(b) = 3*k(b) + w(b). List the prime factors of c(-4).
7
Suppose -c + 3 = 0, -y - 4*c + 6 = -4. Let h(q) = -3*q + 3. What are the prime factors of h(y)?
3
Suppose 4*q - 6*q = 4, -4*m - 3*q + 946 = 0. List the prime factors of m.
2, 7, 17
Let w = 11 - 7. Suppose 3*o - w = 2. List the prime factors of o.
2
Suppose -f + 2*w = -8 - 2, 0 = 3*f - 5*w - 33. Let x = 6 + f. What are the prime factors of x?
2, 11
Let a(r) = 15*r - 11. List the prime factors of a(5).
2
List the prime factors of (-4*15/(-6))/1.
2, 5
Let f(c) = -c - 2. Let d be f(-2). Suppose -5 - 3 = -4*z. Suppose d = a - 4*k - 4, 2*a - z*k = -4*k + 38. What are the prime factors of a?
2
Let y be -3 + 2*(3 - 2). What are the prime factors of (-2 + 0/(-1))*y?
2
Let t = 21 + -25. Let u(g) = 5*g - 7. Let f(x) = 2*x - 3. Let o(c) = 14*f(c) - 6*u(c). List the prime factors of o(t).
2
Let s(w) = -w**3 + 6*w**2 + w - 3. Let k be s(6). Let i be 87/2 + 5/(-2). Suppose 2 - i = -k*j. List the prime factors of j.
13
Suppose 4*s + 76 = 5*h + 2*s, -3*h + s + 46 = 0. What are the prime factors of h?
2
Suppose -3*f = -4*h - 567, 272 = f - 2*h + 81. List the prime factors of f.
5, 37
Let p be 1729/26 + (-1)/2. Suppose -x + y = -3*x + p, -2*y = 3*x - 97. What are the prime factors of x?
5, 7
Let l = 26 + -21. Suppose -3 = l*t - 233. List the prime factors of t.
2, 23
Let i(f) = f + 5. Let x(c) = -c**3 - 5*c**2 + 5*c - 6. Let n be x(-6). Let g be i(n). Suppose 3*m - 2 = -5*q, g*m + q = m + 14. List the prime factors of m.
2
What are the prime factors of (-903)/(-18) + 2/(-12)?
2, 5
Let n(i) = i**2 + 2*i - 6. Let m be n(-4). Let o = 36 - 20. Suppose -o = -3*t - 3*l + 23, m*l - 60 = -4*t. List the prime factors of t.
17
Suppose 4*o - 14 = -6. Suppose o*c + 1 + 1 = 0. Let h = 7 + c. What are the prime factors of h?
2, 3
Let c(i) = i**2 - 5. Let m be c(5). Suppose -4*l = -6*l + m. List the prime factors of 22/l - 2/10.
2
Let i = 17 + -12. Suppose -2*v - 5*r + 26 = -r, 0 = -2*v + i*r + 26. List the prime factors of v.
13
Let s(f) = -f**2 - 5*f - 3. Let q = -2 - 1. List the prime factors of s(q).
3
Let q = -3 - -3. Let g(a) be the first derivative of a**2/2 + 11*a + 4. List the prime factors of g(q).
11
Let b = -7 - -12. Let m be 34/(-10) + 2/b. Let o = m + 11. What are the prime factors of o?
2
List the prime factors of 1521/54 + 2/(-12).
2, 7
Let o be 20838/(-18) + 2/(-6). Let h = o + 682. What are the prime factors of h/(-35) - (-2)/5?
2, 7
Suppose z - 2*z + 4 = 0. What are the prime factors of z?
2
Let p = -33 - -37. What are the prime factors of p?
2
Let z = 8 - 4. Suppose z*h = h + 48. What are the prime factors of h?
2
Suppose 5*q - 3*m - 115 = 0, -5*q = -q + 3*m - 65. What are the prime factors of q?
2, 5
Let z = -1 - -12. Suppose 4*l + z - 27 = 0. Let r = l + 0. List the prime factors of r.
2
Suppose 0 = -2*l - 0*f - 2*f + 218, 0 = -2*l + 2*f + 202. Suppose -5*d - 4*t - t + l = 0, -3*d = 2*t - 68. List the prime factors of d.
2, 13
Let x(a) = 56*a - 20. What are the prime factors of x(2)?
2, 23
Suppose -62*n = -58*n - 856. What are the prime factors of n?
2, 107
Suppose -t + 5*t = 16. Suppose -6*s + 5*s = -t. Let n = 11 - s. What are the prime factors of n?
7
Let u = 8 - 6. Let t = -3 + 6. What are the prime factors of u*(t/1 - 1)?
2
Let s = 11 + -7. What are the prime factors of (s - 3)/((-1)/(-18))?
2, 3
Let r(y) = y - 14. Let t be r(16). Suppose w + i = t*w - 26, w - 18 = -3*i. What are the prime factors of w?
2, 3
Suppose 0*l + 2 = -4*r + 3*l, 2*l = 2*r. What are the prime factors of 69/3 - (r + 2)?
23
Let c(m) = m - 3. Let a be c(4). Let p be a + -1 + 2 - 1. Let f = 8 - p. What are the prime factors of f?
7
Suppose 0*l = 2*l. Let t(q) = 2*q**2 - 2 + 4 + l*q - 3*q. List the prime factors of t(2).
2
Let f be (0 + -1)/((-2)/322). Suppose -f = -4*p - 37. What are the prime factors of p?
31
What are the prime factors of ((-18)/54)/((-2)/78)?
13
List the prime factors of (-3*3/6)/(16/(-3392)).
2, 3, 53
Let w(n) = n**3 - 9*n**2 + 16*n. List the prime factors of w(7).
2, 7
List the prime factors of (-8)/28 - 751/(-7).
107
Suppose -20 = -5*y, t - 311 = -2*t + 4*y. What are the prime factors of t?
109
Let l(q) = -5*q**3 + q**2 + q + 1. Let p be l(-1). Let a be ((-4)/p)/((-2)/6). Suppose -y + 30 = 2*i, -y = 3*i + a*i - 69. What are the prime factors of i?
13
Let u(h) = 4*h - 9. List the prime factors of u(7).
19
What are the prime factors of 5/(10/(-219))*(-6)/9?
73
Let s(i) = 103 - 104 + 0*i**3 - 2*i - 15*i**3 - i**2 - 37*i**3. List the prime factors of s(-1).
2, 13
Suppose -3*o + 21 = -123. Suppose -5*n - 4*w + 105 = 0, 4*n - 5*w = o - 5. What are the prime factors of n?
17
Let p(r) = -r**3 + 9*r**2 + 7*r + 2. List the prime factors of p(9).
5, 13
Let y be -2 + 30/(3*-1). Let d = y + 32. Suppose 4*q - d = -q. What are the prime factors of q?
2
Suppose 2*p + 0*p = 0. Suppose p*g + 12 = 4*g. Suppose -3*z + g = -9. What are the prime factors of z?
2
Suppose -3*k - 252 = -1062. List the prime factors of k.
2, 3, 5
Let v(z) = -10*z - 9. List the prime factors of v(-2).
11
Let q(o) = -o**3 + 8*o**2 + o - 3. Let j = 2 - -6. Let h be q(j). Let u = 7 - h. What are the prime factors of u?
2
Suppose 5*q - 17 = -2. What are the prime factors of (4/(-6))/(q/(-18))?
2
Let u = -1 - -4. Let o(v) = -v**2 + 4*v - 1. Let m be o(u). Suppose -2*l + a = -a - 22, -m*a = 3*l - 8. What are the prime factors of l?
2, 3
Let t = 77 + -16. What are the prime factors of t?
61
Let n be ((-12)/(-5))/(5/25). List the prime factors of (-2 - (2 - 7)) + n.
3, 5
Let v = -8 - -12. Suppose -g = v*u - 5 - 9, 4*g = -3*u + 4. Suppose -3*q + 5*q - u = 0. List the prime factors of q.
2
Suppose -2*i + 103 + 15 = 0. Suppose 5*z - i = -19. What are the prime factors of z?
2
Suppose -v - 2*i - 1155 = 2*v, -v - 381 = 2*i. List the prime factors of 15/(-35) + v/(-21).
2, 3
Let m be (-2)/(-2)*(0 - 0). What are the prime factors of (4 - m) + 12/4?
7
Let f(s) = 24*s**2 - 2*s - 1. List the prime factors of f(-1).
5
Suppose 5*x = 5*b + 145, -x + 2*b + 25 = -3*b. What are the 